culate o(v).
-3
Suppose -d - 13 = -14*d. Let x(h) be the first derivative of -3*h**2/2 - h - 1. Determine x(d).
-4
Let r(l) = l**3 + l - 7. Let t be (0/(0 - -3))/(-2). Let g be t/(2/4*2). Calculate r(g).
-7
Let r(v) = 0*v - 4*v + 3*v. Let b(a) = 2*a + 8. Let y be b(-8). Let i be (-4)/y*-6 + 2. Calculate r(i).
1
Let r(o) = -3 + 2*o + 11*o + 1 - 11*o. Let z = 7 + -5. Calculate r(z).
2
Let k(r) = r + 7. Let u = 44 + -43. Let p be 4/3 - 4/(-6). Let h be (-1 - 5)/(p - u). Determine k(h).
1
Let h(s) = -2*s + 1. Suppose -6*j + 15 = -j + 5*f, 11 = 2*j + 3*f. What is h(j)?
5
Let c(i) = -186 - 4*i**2 - i**3 + 180 + 2*i**3 + 6*i. Calculate c(4).
18
Suppose f - s - 1 = -2*f, 0 = 5*s - 10. Suppose -v + f + 0 = 0. Let g(t) = -2*t**3 - 2*t**2 + 1. Give g(v).
-3
Let y = 4 + -1. Let l(u) = -3*u + u - u**3 - 4 + 4*u**2 + y. Suppose -h + 8 = 3*q, 0 + 4 = 2*q. Give l(h).
3
Let b = 2 + 2. Let v(z) = z + 1 - 1 + 1 + b + z**2. Determine v(0).
5
Let g(n) = -n**3 + 5*n**2 - 5*n + 2. Suppose 4*o - 2 = 5*o. Let c be (3/o)/((-10)/20). Give g(c).
5
Let c(i) = i**2 + 6*i + 7. Let a be c(-5). Suppose -2*k - a = -0*k. Let b(z) be the third derivative of -z**5/15 - z**3/6 - 2*z**2. What is b(k)?
-5
Suppose -a + 5 = 1. Let d be a/(2/4*-2). Let v(n) = n + 2. Determine v(d).
-2
Let u = 1 + 5. Suppose 4*v = -2*r + 2*v + 4, u = 2*r + 3*v. Let n(i) = i**3 - i**2 - 6. Determine n(r).
-6
Let b(j) = 4*j - 9. Let g(m) = -m**2 - 13*m + 20. Let a be g(-14). Calculate b(a).
15
Let w(d) be the second derivative of -d**6/120 + d**5/20 + d**4/4 - d**3/3 + d**2/2 - 5*d. Let f(a) be the first derivative of w(a). What is f(4)?
6
Let z(b) = 4*b**2 - 9*b - 4. Let o be ((-3)/2 + -2)*-2. Let p(n) = 9*n**2 - 19*n - 9. Let u(g) = o*z(g) - 3*p(g). Determine u(6).
-1
Suppose 49*b - 42*b - 28 = 0. Let p(n) be the third derivative of n**3 + 1/60*n**5 + 3*n**2 + 0*n + 1/4*n**b + 0. Determine p(-5).
1
Let w(x) = -2 - 27*x + 1 + 26*x. Give w(6).
-7
Let i(t) = 7*t**2 + 5*t + 9. Let z(v) = -v**3 - v**2 + v + 1. Let c be (-9)/(-7) + (-26)/91. Let b(o) = c*i(o) + z(o). Calculate b(7).
3
Let g(o) = 6*o - 7. Let r(c) = 2*c - 2. Let n(k) = -3*g(k) + 8*r(k). Give n(-6).
17
Let r(j) = j**3 + j**2 - 5*j - 2. Suppose 3*g - 5*g = -8. Suppose 3*x + 2 = -g. Let c be (-3)/5*(7 + x). Calculate r(c).
-5
Let s = -3 + 3. Suppose 2*j + 3*t + 13 = -0*j, s = 3*t + 3. Let z(w) be the first derivative of w**3/3 + 2*w**2 - 4*w - 5. Give z(j).
1
Let r(j) be the first derivative of -j**2/2 - 6*j + 3. Suppose -2*i = 2*n + 3*i + 8, 5*n + i - 3 = 0. Let u = -1 + n. Determine r(u).
-6
Let b(y) = -14*y**2 + 2. Let k(a) = 2 - 1 + 0 - 5*a**2. Let v(f) = -3*b(f) + 8*k(f). Suppose 0 = z - 5*o + 12, 0 = -5*z + 4*o - 18. Calculate v(z).
10
Let p(a) be the first derivative of a**4/4 + 5*a**3/3 + 3*a**2/2 + 3*a - 1. Let l be 4 + -10 - (-2 - 0). Determine p(l).
7
Let g(i) = -16*i**3 + 2*i**2 + 7. Let h(n) = -8*n**3 + n**2 + 3. Let z(r) = -4*g(r) + 9*h(r). Suppose -5 = q + k, 4*q - 4*k = 12 - 0. Determine z(q).
8
Let r(g) be the first derivative of -g**3/3 + 5*g**2/2 - g - 6. Give r(5).
-1
Let z(j) = -j**3 + 6*j**2 + 6*j + 7. Let c be z(7). Let u(o) be the first derivative of o**3/3 + 3*o + 1. Give u(c).
3
Let a(l) = l + 2. Let c(i) = i**3 - 17*i**2 + 30*i - 4. Let d be c(15). Calculate a(d).
-2
Let v(p) = 2*p + 7. Let c(k) = -2*k**3 + 7*k**2 + k + 5. Let i be c(4). Give v(i).
-7
Let v(j) = -2*j - 2. Let b = -44 + 39. Determine v(b).
8
Let w(j) = j**3. Suppose -2*r + 1 = q + 5, r = -3*q + 3. Let i = 0 + r. Let n(l) = -11*l**3 + 1. Let t(d) = i*w(d) - n(d). Calculate t(1).
7
Let l(m) = 0*m**2 + 2*m**2 - 2*m + m**3 - 3 + 0*m**2 + 0. Determine l(-2).
1
Let p(l) = l**3 - 7*l**2 + l - 1. Let x(j) = 12*j**2 + 6*j + 1. Let i be x(-1). What is p(i)?
6
Let b(p) = -p - 2. Let j be 1*-14*(-1)/(-2). Let s be b(j). Suppose s*h - 11 = -6. Let r(d) = -2*d - 1. Determine r(h).
-3
Let i be -2 - 5 - -2 - -1. Let v = i + 7. Let t(n) = -n**2 + n + 3. Let m be t(v). Let y(o) = -o**2 - o + 3. Give y(m).
-3
Let w(d) be the first derivative of d**4/8 - 3*d**2 - 3. Let n(g) be the second derivative of w(g). What is n(-1)?
-3
Let m(j) be the first derivative of -1/2*j**2 - 1/2*j**3 - 3*j + 2. Let b(v) be the first derivative of m(v). Calculate b(2).
-7
Let g(w) be the first derivative of w**2/2 - 2. Suppose 0 = -3*j + 4*j - 1. Calculate g(j).
1
Let j(w) be the third derivative of -w**2 + 1/8*w**4 + 0*w + 0 + 1/2*w**3 + 1/60*w**5. What is j(-2)?
1
Let w(z) = -5*z**3 - 3*z**2 + 2*z - 2. Let a(u) = 4*u**3 + 2*u**2 - 2*u + 1. Let c(v) = 4*a(v) + 3*w(v). Determine c(3).
10
Suppose -x = 6 + 2. Let b(p) = p**2 + 10*p + 11. Let n be b(x). Let i(z) = z**2 + 4*z - 2. Give i(n).
3
Let s(z) = z**2 - 15*z - 18. Let d be s(16). Let k(p) = p**3 + 2*p**2 + p. Give k(d).
-2
Let p(w) = -27*w + 3 + 1 + 26*w. Calculate p(5).
-1
Suppose -z + 2*z = -1. Let h = 3 - z. Let c(x) be the third derivative of x**4/24 + x**3/2 + 2*x**2. What is c(h)?
7
Suppose u - 3 - 2 = 0. Suppose -n - h = -13, -4*h + 15 + u = 0. Let c(f) = -n + 2 + 2*f + 0*f. What is c(5)?
4
Let q(k) = 2*k**2 - 7*k + 6. Let g(f) = 8*f - 4*f**2 + 2*f**2 - 2*f - 5. Let y = -116 - -109. Let c(m) = y*g(m) - 6*q(m). Determine c(1).
1
Suppose y + 0*y = 0. Let n(m) = -2*m + 1 + y*m + m**2 - 4. Suppose -2*b = -9 + 1. Calculate n(b).
5
Let z(p) = -p + 8. Let a = 22 - 12. Let h be z(a). Let f(s) = -s**2 + 1. Let x(c) = -2*c**2 - c + 1. Let v(g) = 6*f(g) - 4*x(g). Determine v(h).
2
Suppose z = 5*x - 23, -5*x = -32 + 7. Let d be (z - (-9)/(-2))*-2. Let p(k) = k**3 - 4*k**2 - 5*k. Give p(d).
0
Suppose 3*u + 3*n - 14 = 19, -u = 3*n - 17. Let g(h) = -u*h**3 + 0*h**2 + 5*h**3 + 1 + 2*h**3 + 2*h - 2*h**2. Determine g(-3).
4
Let m(d) = -3*d**3 + 7*d + 4*d**3 + 0*d**2 - 6*d**2 - 7. Let v(x) = -x**3 - 2*x**2 - x - 7. Let j be v(-3). Calculate m(j).
3
Suppose -3*s + 2*f = -11, 5*s - 2*f - 1 - 12 = 0. Let m(d) be the second derivative of -2*d**3/3 + 5*d. Determine m(s).
-4
Let p(r) be the first derivative of -r**5/60 + 5*r**4/24 + r**3/6 + 7*r**2/2 + 6. Let u(v) be the second derivative of p(v). Determine u(5).
1
Let v(f) = -f**2 + f. Let w = -4 - 0. Let o = -11 - w. Let q = o + 5. Give v(q).
-6
Let r(l) = -l**2 - 7*l - 7. Let v(f) = -3*f - 20. Let a be v(-5). Give r(a).
3
Let f(l) be the third derivative of l**9/30240 + l**8/10080 - l**7/1680 - l**6/240 + l**5/30 - l**2. Let m(n) be the third derivative of f(n). Determine m(-2).
-5
Suppose -5*n + 12 = 2. Let l(p) = 6*p**n + 0 - 3*p**2 - 1. What is l(-1)?
2
Let g(s) = -2*s + 7. Let u be 3/((9/(-15))/(-1)). Determine g(u).
-3
Let s be (-8)/44 + (-46)/(-11). Let o(y) = 5 - s*y - 3 + 2 - 3. Calculate o(-1).
5
Let s(u) = u - 3. Let w be s(0). Let y be -2*2/4*-13. Let a(t) = 8*t - y*t + 3*t. Determine a(w).
6
Let t(a) = a. Suppose -3*p - 18 = -b - 5, -5*p + 5*b - 5 = 0. Calculate t(p).
-6
Let v(y) = -4*y + 1. Let i be v(-6). Suppose 3*w + 6 = 3*d + 3, 3*w + 4*d - i = 0. Let g(s) = 4 - 3*s - w*s - 4. Determine g(1).
-6
Let w(g) = -6*g + 11*g - g - 2 - 3*g + 5*g**2 + g**3. Suppose 3*z = a - 1, 0 = 2*a + 5*z + 5 + 15. Determine w(a).
-7
Let m be ((-1)/(-2) + (-5 - -4))*12. Let k(b) be the first derivative of -b**3/3 - 7*b**2/2 + 2*b + 1. Determine k(m).
8
Let c(i) = i**2 - i + 5. Let s(t) = t**2 + 2*t - 3. Let z be s(-3). Suppose x + 2*x = z. Determine c(x).
5
Let u(d) = 4*d**3 + 5*d. Let z(s) = -2*s**3 - 2*s. Let r(w) = 3*u(w) + 7*z(w). Give r(1).
-1
Let a(f) = 3*f**2 - 3*f. Let k be 20/3*(-5 + (-62)/(-10)). Suppose -3*g + 7*g - 8 = 0. Suppose -k = -3*v - g. Calculate a(v).
6
Let f = 84 + -89. Let y(m) = -m**3 - 4*m**2 + 7*m + 1. What is y(f)?
-9
Suppose 0 = 3*w - 4 + 19. Let t = 11 - 15. Let b(g) = -5*g. Let c(n) = n. Let z(u) = t*c(u) - b(u). Give z(w).
-5
Let h(f) = -1 + f**2 + 7*f - 7*f**2 + 5*f**2. Give h(6).
5
Let b be 0*2/4*1. Let z(v) = -v - 11. What is z(b)?
-11
Let p(r) = 11*r**3 - r**2 - 21*r - 9. Let b(q) = 5*q**3 - 10*q - 4. Let k(y) = 13*b(y) - 6*p(y). Let h be 5*(-1)/(-1 - 0). Give k(h).
7
Suppose w = -0*w + 10. Suppose -u - 2*u = -i - w, 4*i - 5*u + 19 = 0. Let n be (6/8)/(i/8). Let t(k) = -k**3 - 7*k**2 - 6*k + 5. Determine t(n).
5
Let c(n) = 6*n**2 - 1. Let b be c(1). Let x(h) = -4 + 14*h - 6*h - b*h + h**2. Let f = -6 - -2. Calculate x(f).
0
Let k be (3 + 1 + -3)*3. Suppose 21 = -k*n + 3*